*b = -16*b + 220. Let r(k) = -12 - b - 11 + 39 - k. What is r(7)?
-11
Let i(m) = 2*m**2 - 71*m + 399. Let u be i(28). Let n(g) = 7*g + 126. Calculate n(u).
-21
Let y(h) = -9*h + 4. Let b = -403 - -418. Let l(p) = -5*p + 18. Let v(j) = 9*j - 36. Let x(a) = -7*l(a) - 4*v(a). Let r be x(b). What is y(r)?
-23
Let d(i) be the first derivative of -57*i**2/2 - 9*i + 6354. What is d(1)?
-66
Let l(o) = o**2 + 16*o + 20. Let y be 1155/330*(-24)/7. What is l(y)?
-28
Suppose 3*y - 7 = 4*b, -3*y + 0*y + 9 = -3*b. Suppose -m + 0 = 2*f + 2, b*f = -8. Let q(o) = o**3 - 6*o**2 + 1. Give q(m).
1
Let k(x) = 9*x**3 - 7*x**2 - 5*x - 25. Let j(g) = 5*g**3 - 4*g**2 - 3*g - 13. Let n(u) = 5*j(u) - 3*k(u). Give n(0).
10
Let p(x) = x**3 - 10*x**2 - 12*x - 3. Let m be 308/(-12)*(-17 + 5). Suppose 42*h - m = 14*h. Determine p(h).
-14
Let o(x) = -2*x**2. Let f(q) = q**2. Let w(m) = 13*f(m) + 6*o(m). Let t be ((-24)/(-18))/(18/(-27)) - 0. Determine w(t).
4
Let f be ((-1)/((-1)/2))/((-2)/(-11)). Let n = -35 + f. Let t be (-136)/(-40) - (n/(-10) + -2). Let p(s) = s**3 - 3*s**2 + 4*s + 1. Determine p(t).
13
Let g(v) = -v + 17. Suppose -13*p + 8*p + 45 = 0. Suppose 4*i + 3*j + 29 = 74, 3*j - p = 0. Calculate g(i).
8
Let i(j) be the third derivative of 5*j**2 + 1/12*j**4 + 0 + 0*j - 5/6*j**3. Let q(u) = 3*u - 1. Let b be q(2). What is i(b)?
5
Suppose -17*v + 24*v = -35*v. Let y(i) = -3*i**3 + 10*i**2 - 3*i + 29. Let l(w) = -2*w**3 + 7*w**2 - 2*w + 19. Let g(t) = 7*l(t) - 5*y(t). What is g(v)?
-12
Let l(b) = -227 + 3*b + 29 + 18 - 10*b. Determine l(-25).
-5
Let f(g) = -5. Let v(n) = n - 6. Let t(u) = 4*f(u) - 3*v(u). Let d = 468 - 462. Give t(d).
-20
Let w(l) = -13*l**2 + l - 13. Let p(i) = i**2 - 5*i. Let c be p(-1). Let r(u) = -24*u**2 + u - 24. Let x(v) = c*r(v) - 11*w(v). Calculate x(-5).
-1
Let d(y) = -y**2 - 7*y + 5. Let u(c) = 2*c**2 + 1. Suppose 4 = -3*w + w. Let o be u(w). Suppose 0 = 8*g - o + 65. What is d(g)?
5
Suppose 53*o - 56*o = -18. Let u(v) = v**3 - 5*v**2 - 5*v - 11. What is u(o)?
-5
Let w(i) = -16*i**3 + i**2 - 1. Let d(n) = -79*n**3 - 6*n**2 + 21*n - 1. Let x(l) = -d(l) + 5*w(l). Calculate x(9).
-31
Let b(f) = 11*f**2 + 9*f + 2. Let v(x) = -23*x**2 - 19*x - 4. Suppose 557*d - 561*d + 52 = 0. Let y(z) = d*b(z) + 6*v(z). What is y(-1)?
4
Let d(n) = -16*n - 145 - 64425*n**2 - 20*n + 64423*n**2. Determine d(-6).
-1
Let f(h) = h**3 - 3*h**2 + 2*h - 19. Let z be f(4). Let y be (-19)/5 + (-16)/z + 3. Let x(c) = -c**2 - 6*c - 6. Determine x(y).
2
Let m(s) be the first derivative of -25*s**2 - s - 8639. What is m(-1)?
49
Let c(b) = -68*b**2 + 53*b + 65. Let i(k) = 10*k**2 - 8*k - 9. Let a(y) = 4*c(y) + 27*i(y). Determine a(6).
-79
Let z be (-10 - -9) + 38 + (2 - -1). Let q be (-18)/5 + 2/(-5). Let f be q/5*z/16. Let k(a) = -a**3 - 3*a**2 - 3*a - 1. Calculate k(f).
1
Let q = 294 - 267. Let c be (25 - q)/(-3 + 1) - 4. Let g(n) = -3*n + 7. Determine g(c).
16
Suppose 0 = 3*j + 10 + 5, -71 = -4*g - 5*j. Suppose -3*t + 3*z - g = -7*t, -2*t - 6 = -3*z. Let o(x) = 0*x + t*x**2 - 4 - 2*x - 13*x**3 + 14*x**3. Give o(-3).
2
Let k(j) = 3 + 5 - 1 - 3 + 12*j - 7*j**2 - 16*j - j**3. Suppose 6 = 2*l - 3*l. Give k(l).
-8
Let l(o) = o**2 + 2*o + 9. Let c(q) = q**2 + 2*q + 8. Let b(y) = 7*c(y) - 6*l(y). Let x(u) = -u**2 + 2*u + 4. Let d = -4 + 2. Let j be x(d). What is b(j)?
10
Let t(d) = d**3 + 13*d**2 + 12*d - 4. Let f = -30 + 29. Let g be f/3 - (-40)/(-60). Let z be 1/3*g + (-245)/21. What is t(z)?
-4
Let j(a) be the first derivative of 0*a**2 - 150 + 1/4*a**4 + 19/3*a**3 + a. Give j(-19).
1
Let t(s) = -s**3 + 3*s**2 + 109*s - 419. Let b be t(4). Let v(n) = 3*n + 8. Determine v(b).
11
Let k(o) = -6*o**3 + 2*o**2 + o - 1. Let z(p) = 19*p**3 - 2*p**2 - 7*p - 2. Let s(m) = 3*k(m) + z(m). Give s(-4).
11
Suppose -4*o + 26 = 2*j, -11*j = 5*o - 15*j - 65. Suppose 0 = m + 4*f + o, -4*f - 12 = 4*m - 0. Let a(l) = -8*l**2 + 1. Give a(m).
-7
Let j(l) = 5*l**3 - 9*l**2 + 3*l + 2. Let z be j(2). Suppose -m = 3*i + 13, 4*i + 21 = -3*m + z. Let b(d) = d**2 + 6*d + 6. Give b(i).
6
Let q(s) = 5*s**2 + 2. Let i(g) = 6*g**2 - 15*g - 3. Let n(x) = i(x) - q(x). Calculate n(14).
-19
Let s(n) = -n**3 + n**2 + n - 1. Suppose 0*b = b - 5*m - 25, -2*b = -5*m - 30. Suppose -6*r = -b*r - 9. Suppose r = i + 7. Give s(i).
-3
Suppose -29 = 4*v - 5*k, 6*v - 2*k + 26 = 2*v. Let c(s) = -7*s + 6. Let x(l) = -15*l + 12. Let g(q) = v*x(q) + 13*c(q). Determine g(7).
-1
Let u(l) = l**2 - 10*l + 6. Let c(s) = -s**2 + 8*s - 3. Suppose 0 = -6*z - 8*z + 28. Let r be c(z). Calculate u(r).
-3
Let l(i) = 17*i**2 + 13*i - 8. Let a(n) = -80*n**2 - 64*n + 39. Let m(c) = -3*a(c) - 14*l(c). Give m(-5).
-5
Let d(w) = -1. Let v be (11/6)/(3/18). Let r = v + -12. Let q(h) = h**2 + 2*h - 6. Let y(o) = r*q(o) + 4*d(o). Give y(-3).
-1
Let j(g) = -g**2 - 39*g + 38. Let w = 23083 + -23123. Give j(w).
-2
Let q(n) = n**2 - 7*n + 3. Suppose 171 = b + 5*s, -2*b = -b - s - 195. Let l = b + -183. What is q(l)?
11
Let o(k) = -k + 4. Suppose 5 - 37 = -4*h. Let f(y) = 4*y - 12. Let d(v) = h*o(v) + 3*f(v). Suppose 4*n - 4 = -r - 16, 0 = -4*r. Give d(n).
-16
Suppose 2 = -o + 3*g + 1, 0 = 2*o + g - 12. Suppose 6*y + o*r + 13 = 3*y, -2*y = 2*r + 2. Suppose 23*x = y*x + 95. Let z(l) = 2*l - 5. Determine z(x).
5
Let r(z) = -z**3 + 97*z**2 - 95*z - 65. Let n be r(96). Let y(x) = x - 12. What is y(n)?
19
Let u(i) = -20*i**2 - 2 + i + 102*i**3 - 103*i**3 + 29*i**2. Let m = 14 + -5. What is u(m)?
7
Let h(n) = -1 - n**3 + n + 2*n**2 + 0*n + 0*n**3. Let s(p) = 2*p**3 + 170*p**2 - 342*p + 525. Let k be s(-87). Calculate h(k).
-7
Let p(f) = 2*f - 3. Let o = 54 - -62. Let q(t) = -116 + t + o. Let z be q(-6). What is p(z)?
-15
Let s(l) = -28*l - 1. Let c be s(-1). Suppose 2*h = 2*x, -5*x - 2*h + c = 6. Let a(k) = k**2 - 4*k + 2. Calculate a(x).
-1
Let w(y) = -3*y**2 - 4*y + 8. Let l(z) = -3*z + 10*z**2 - 21*z**2 + 12*z**2 + 4*z - 3. Let o(a) = -11*l(a) - 4*w(a). Calculate o(-4).
-3
Let k(u) = u**2 - 26*u + 54. Let i be k(24). Let m be 74/(-6) - (-2)/i. Let x(j) = j**2 + 10*j - 14. Give x(m).
10
Let p(k) = -k - 32. Let b be (0 + (0 + 1)*-2)/((-2)/(-16)). Calculate p(b).
-16
Let s(z) = 428 + 427 + 3*z - z**2 - 834 + 2*z. Give s(-5).
-29
Let m(d) = 5*d**2 - 1. Let r = 53 - 51. Suppose 0 = -3*a + t + 2 - 7, -3*a + 10 = r*t. Suppose -5*l + 2*l - 3 = a. What is m(l)?
4
Let w(n) = -29*n**2 - 2*n + 54. Let m(i) = -46*i**2 - 3*i + 86. Let l(x) = 12*m(x) - 19*w(x). What is l(-4)?
-18
Let r(a) be the third derivative of 0*a**3 + 0*a - 1/120*a**6 + 26*a**2 - 1/20*a**5 + 0 - 1/8*a**4. Let c = -2 - 0. Give r(c).
2
Let c(g) = g**3 + 4*g**2 - 7*g - 6. Suppose j - 3 = -l, -l = -0*l - j - 7. Let z be ((-2)/(-3))/(6/1485*l). Let v = -38 + z. What is c(v)?
4
Suppose 19*m - 10 = 47. Let p be (10 - 17)*m/7. Let y(i) = 10*i + 1. Calculate y(p).
-29
Let f(p) be the first derivative of p**4/4 + 5*p**3 + 9*p**2 + 34*p + 2107. What is f(-14)?
-22
Let f(g) = 2*g**2 - 52. Let x be f(-5). Let q be (4 - (-72)/(-27))*(-9)/x. Let n(r) = -r**3 + 4*r**2 + 13*r + 2. Give n(q).
8
Let s(f) = -147 + 76 + 67 - f. Let g(r) = 2*r + 7. Let p(j) = -4*g(j) - 7*s(j). Determine p(-8).
8
Suppose i + i - 3*z = -21, 3*i + z + 4 = 0. Let w be (8/10)/(-5 - 54/(-10)). Let g(c) = -6*c**2 + 7*c**w - 20*c + 19*c. What is g(i)?
12
Let u(j) = -3*j**3 + 11*j**2 - 4*j - 67. Let y(r) = 13*r**3 - 45*r**2 + 17*r + 278. Let m(g) = 9*u(g) + 2*y(g). Calculate m(8).
1
Let g(m) = -7*m**2 + m + 22. Let q(f) = -6*f**2 + f + 19. Let x(u) = -5*g(u) + 6*q(u). Let o(z) = z - 4. Let d be o(7). Suppose 0 = i + d*i. Determine x(i).
4
Let y = -13526 - -13519. Let z(d) = -2*d**2 - 11*d - 7. Calculate z(y).
-28
Let c(d) = 40*d - 124. Suppose 51*k - 93 = -33 + 93. Give c(k).
-4
Let l be (-5 - -3)/(-1 + 74/70). Let t be (-1)/(-3) - (-6 - l/15). Let z(r) = r**2 - 4*r + 6. Let a be z(t). Let b(u) = -2*u + 3. What is b(a)?
-9
Let r(j) = j**3 - 4*j**2 + j + 1. Suppose p - 36 + 30 = 0. Suppose 8*n = p*n + 8. What is r(n)?
5
Let z = -594 - -596. Suppose 0 = 34*f - 2 + z. Let o(h) = -h - 31. Calculate o(f).
-31
Let p(b) be the first derivative of 0*b**3 - 1/2*b**2 + 3*b - 1/4*b**4 + 35. What is p(0)?
3
Let v(f) = 22*f**2 + 180*f + 47. Let o be v(-8). Let r(y) = y**3 - 14*y**2 - 20*y - 10. Determine r(o).
-85
Let j(p) = -p**3 - 11096 - 11099 - 7*p 